25 - 52. What is the remainder when z is divided by 15?
13
Let i be (-2)/1*3/(-2). Let y = i + -3. Let a = 3 + y. Calculate the remainder when 7 is divided by a.
1
Let x(c) = -2*c - 2. Let s(q) = -q**2 - 7*q - 6. Let d be s(-4). Let j(k) = k**2 - 4*k - 8. Calculate the remainder when x(-6) is divided by j(d).
2
Let p(s) = 9*s**2. Let i be p(1). Suppose -4*z = i - 33. What is the remainder when 17 is divided by z?
5
Suppose -3*f + 7*f + 28 = 0. Let p = 14 + f. What is the remainder when 13 is divided by p?
6
Suppose 0 = -2*f + 5 - 1. Suppose -2*b - f = 4*t - 22, -5*b + 90 = 2*t. What is the remainder when 38 is divided by b?
18
Let j be 2/(-10) - (-2002)/10. Suppose -3*y - 2*y + j = 0. Suppose -c - y = -4*f - 6*c, 5*f + 5*c = 45. Calculate the remainder when 8 is divided by f.
3
Calculate the remainder when 48 is divided by (187/22)/((-1)/(-2)).
14
Suppose 0 = 3*y + r + 1 - 4, 0 = -4*y + r + 11. Suppose -y*o + 3*f + 72 = 0, f = -4*o - f + 144. What is the remainder when o is divided by 19?
17
Let v(t) = 3 + 0 - 6*t + 2*t**3 - 3*t**3 - 7*t**2. Let u be v(-6). Suppose 0 = -u*w + 206 - 74. What is the remainder when w is divided by 15?
14
Let j be (-4)/(4/13)*2. Let p = -4 - j. Let z(l) = l**3 + 4*l**2 - 2*l. What is the remainder when p is divided by z(-4)?
6
Suppose o + 3*o = 0. Let a(h) = -2*h + 65. Calculate the remainder when a(o) is divided by 17.
14
Let m(y) be the third derivative of y**5/60 + 5*y**4/24 + 7*y**3/6 - y**2. What is the remainder when m(-9) is divided by 1824/84 - 2/(-7)?
21
Let j = -1 + 33. Calculate the remainder when j is divided by 12.
8
Let z = -21 - -39. What is the remainder when 160 is divided by z?
16
What is the remainder when -6*(-3 + (-1)/3) is divided by 7?
6
Let r(x) = x**2 + 4*x - 27. What is the remainder when r(-12) is divided by 18?
15
Let p(b) = 6*b**2 + 3*b + 2. Let o(q) = -q**2 - 6*q. Let x be o(-6). Suppose -5*f - 15 + 5 = x. Calculate the remainder when 58 is divided by p(f).
18
What is the remainder when 46 is divided by (0 - 3/(-1)) + 10?
7
Suppose -4*v = 12 - 28. Suppose r + 3*r - 68 = -4*j, -v*j + 73 = -r. Suppose 4*a - a = 3*b, -3*b = -2*a - 5. What is the remainder when j is divided by a?
3
Let q(z) = z - 6. Let u be q(8). Suppose 4*g - 119 = 5*i, u*g + 157 = 7*g + 2*i. What is the remainder when g is divided by 11?
9
Let w(x) = x**3 + 7*x**2 + 4*x - 2. Let r be w(-4). Suppose -2*b = -5*b + r. What is the remainder when 28 is divided by b?
8
Suppose -28*c + 31*c = 270. Calculate the remainder when c is divided by 23.
21
Suppose 3*z + 46 = 376. Let k = 14 - -14. What is the remainder when z is divided by k?
26
Let m be 6 - (0 + (3 - 2)). Suppose -m*w - 3*i + 206 = 0, 5*w - 2*i - 322 = -101. Calculate the remainder when w is divided by 22.
21
Let d(p) = p - 1. Let r be d(6). Suppose -45 = -r*w - 4*v - v, 3*v + 53 = 5*w. What is the remainder when 18 is divided by w?
8
Let b = -2 - -9. Let h be (-640)/(-35) + (-2)/b. Suppose u = -1 + h. Calculate the remainder when 32 is divided by u.
15
Let v = 15 - -1. What is the remainder when 45 is divided by v?
13
Suppose 3*g - 17 = -3*q + 34, 4*q = -5*g + 69. What is the remainder when q is divided by 9?
7
Let y(i) = 33*i - 9. Let k be (-7)/(-1 + 3 + -3). Let a be y(k). Suppose 3*x + a - 42 = 4*g, 106 = 3*g + 5*x. What is the remainder when g is divided by 22?
20
What is the remainder when (5 - -24) + -3 + 6 is divided by 18?
14
Suppose -m = -0*m + 22. Let b = 35 + m. What is the remainder when b is divided by 7?
6
Suppose -2*g + 5*g = 78. Suppose -5*a - 4*c - 41 = 0, 4*c + 6 = a + a. Let k(n) = -n**3 - 3*n**2 + 7*n - 1. What is the remainder when g is divided by k(a)?
12
Let m(u) = -2*u**2 + 7*u + 8. Let b be m(6). Let t(l) = 11*l - 6. Let o be t(4). Let i = b + o. Calculate the remainder when 31 is divided by i.
15
Suppose 5*i = -4*j + 10, j + 3*i = -0*j - 1. Suppose 5*n - n + 48 = 4*l, -24 = -2*l - j*n. What is the remainder when 23 is divided by l?
11
Suppose 0 = 4*m + q - 211, 8*m - 223 = 4*m - 5*q. Calculate the remainder when m is divided by 16.
4
Suppose 4*c = -3*d - 0*d + 106, 5*c - 2*d - 144 = 0. What is the remainder when 81 is divided by c?
25
Suppose 14 = 4*f - 2. What is the remainder when f is divided by 2?
0
Suppose -l - 3*b + b = -18, 4*b = 20. Let j = -6 + l. What is the remainder when 5 is divided by j?
1
Let v(b) = 69*b**2 - 1. Let d be v(1). Suppose -2*y + d + 10 = 0. Calculate the remainder when (y/(-6))/((-1)/2) is divided by 5.
3
What is the remainder when (66/18)/((-2)/(-6)) is divided by 7?
4
Let c(h) = -h + 37. Suppose -6 + 0 = 4*n + 3*q, -2*n = -3*q - 6. Let d be -3 - (-3 + n) - 0. Calculate the remainder when c(d) is divided by 19.
18
Suppose -9 = 2*t - 3*t. Suppose 2*z + 4*c = -18, -5*c = -2*z + 5 + 22. Let k = 27 - z. What is the remainder when k is divided by t?
8
Let x = 5 + -4. Calculate the remainder when (2 - x) + 63/3 is divided by 12.
10
Let j(c) = 14*c - 17. Calculate the remainder when j(9) is divided by 22.
21
Let m be 4/(-4) - 14/(-2). Suppose -m*h = -3*h - 63. Calculate the remainder when h is divided by 6.
3
Suppose 0 = 5*p - 11 + 1. Suppose 2*j - 22 = -5*g, p*j - 5*g - 62 = -0*j. Calculate the remainder when j is divided by 8.
5
Suppose -3*i + 2*i + 2 = 0. Suppose -86 = -2*l - 2*p, -l + 53 = -i*p + 4. What is the remainder when l is divided by 23?
22
Suppose -4*a = -2*a - 18. Suppose 5*l - 3*o - 18 = o, l + 4*o = 18. What is the remainder when a is divided by ((-2)/(-1))/(l/15)?
4
Suppose 4*r - 3*j + 4*j = 51, 2*r - 2*j - 18 = 0. Let p(h) = 0*h + 33*h**3 + 2*h**3 + h - 2*h**2. Calculate the remainder when p(1) is divided by r.
10
Let w = 30 - 1. Calculate the remainder when w is divided by 11.
7
Suppose -2*w - 62 = -3*m, 3*w = -0*m - 3*m + 57. What is the remainder when 31 is divided by m?
11
Suppose -5*q - j = j + 78, 5*j = -q - 11. Let a = 35 + q. What is the remainder when a is divided by 7?
5
Let f(c) = c**3 - 5*c**2 - 10*c + 9. Calculate the remainder when f(7) is divided by 8.
5
Let b(n) = n**2 + 14. Let d(z) = -z**2 + 6*z - 4. Suppose -5*r = -7 - 8. Calculate the remainder when b(0) is divided by d(r).
4
Suppose -135 = 2*k - 5*k. Suppose -k = v - 4*v. What is the remainder when 4/6 - (-164)/6 is divided by v?
13
Suppose 0 = -5*w - 21 - 9. What is the remainder when (-200)/w + 16/24 is divided by 18?
16
Suppose -3*j + 1 = -8*j + 4*t, 3*t = j + 9. What is the remainder when 10 is divided by j?
1
Let l(a) = a**2 - 20*a + 39. Suppose 4*p + 5*y - 22 = -8, -p + 3*y + 12 = 0. What is the remainder when p is divided by l(18)?
0
Let y(a) = -24*a - 1. Let b = 90 - 46. Calculate the remainder when b is divided by y(-1).
21
Let l be 4/(-10) - (-2)/5. Suppose 2*u - 88 = -l*u. Let g = 47 - 24. What is the remainder when u is divided by g?
21
Calculate the remainder when (-6)/(-27) - (-237)/27 is divided by 5.
4
Let m be (-4)/6*(3 - 6). Suppose 3*w = 3*c - 36, 2*w = m - 0. Suppose -5*f + 62 = -2*s, -c - 3 = -4*s. Calculate the remainder when 27 is divided by f.
13
Let v be 2 - 3 - (-2)/2. Let r be v + 2 + 1 + 27. Suppose -91 + 16 = -2*n + 5*h, -4*h + r = 2*n. What is the remainder when n is divided by 9?
7
Let g(v) = v**2 + 10*v + 3. Let s be (14/1 - 3)*-1. Calculate the remainder when 40 is divided by g(s).
12
Let v = -138 - -224. Calculate the remainder when v is divided by 29.
28
Let q(u) = u**2 - 13*u + 9. What is the remainder when q(14) is divided by (-5 - -2)/((-1)/4)?
11
Let u(f) = f**3 - 8*f**2 - 7*f - 3. Let r be u(9). Calculate the remainder when r - (5 + -3) - 2 is divided by 4.
3
Let c(x) = x**3 + x**2 + x + 9. Let z be c(0). Suppose z + 11 = 4*n. Suppose 4*r = 21 + 35. Calculate the remainder when r is divided by n.
4
Suppose 3*w = v + v - 69, -3*w = 2*v - 51. Calculate the remainder when 59 is divided by v.
29
Let h(y) = 2*y**2 + 3*y - 8. What is the remainder when 23 is divided by h(-4)?
11
Suppose 0*j + 4*j - 284 = 0. Calculate the remainder when j is divided by 18.
17
Let v(q) = 5 + 0 + 3 - q. Suppose -4*c + 58 = 2*l, -51 = -0*l - 3*l + 3*c. Calculate the remainder when l is divided by v(0).
5
Let b(n) = 2*n**2 - 6*n - 3. Calculate the remainder when 50 is divided by b(5).
16
Suppose 0 = 3*k - 20 - 43. Suppose -24 = -3*u + k. What is the remainder when 57 is divided by u?
12
Let d(b) = -44*b. What is 